he prime factors of 343237?
343237
What are the prime factors of 8981566?
2, 11, 19, 21487
List the prime factors of 272828.
2, 68207
List the prime factors of 114904.
2, 53, 271
List the prime factors of 532034.
2, 29, 9173
List the prime factors of 31260606.
2, 3, 13, 30829
List the prime factors of 602634.
2, 3, 47, 2137
What are the prime factors of 4398377?
139, 31643
What are the prime factors of 373915?
5, 17, 53, 83
What are the prime factors of 668182?
2, 79, 4229
List the prime factors of 6053750.
2, 5, 29, 167
What are the prime factors of 5693579?
139, 40961
What are the prime factors of 15889546?
2, 31, 227, 1129
List the prime factors of 3028369.
239, 12671
What are the prime factors of 38786?
2, 11, 41, 43
List the prime factors of 530847.
3, 19661
What are the prime factors of 29227600?
2, 5, 89, 821
List the prime factors of 4986710.
2, 5, 43, 11597
What are the prime factors of 11265809?
313, 35993
What are the prime factors of 51041?
43, 1187
What are the prime factors of 717344?
2, 29, 773
List the prime factors of 2169024.
2, 3, 11, 13, 79
What are the prime factors of 12024111?
3, 11, 41, 8887
What are the prime factors of 1319498?
2, 43, 67, 229
What are the prime factors of 611174?
2, 67, 4561
List the prime factors of 11813117.
19, 53, 11731
List the prime factors of 592441.
29, 31, 659
List the prime factors of 361460.
2, 5, 11, 31, 53
What are the prime factors of 1393739?
1393739
What are the prime factors of 80554?
2, 40277
What are the prime factors of 255107?
255107
List the prime factors of 7008646.
2, 137, 25579
What are the prime factors of 5935422?
2, 3, 61, 16217
List the prime factors of 15965214.
2, 3, 2660869
What are the prime factors of 2150173?
19, 113167
What are the prime factors of 176123?
176123
List the prime factors of 1569585.
3, 5, 104639
What are the prime factors of 34448105?
5, 6889621
What are the prime factors of 7106499?
3, 789611
What are the prime factors of 649197?
3, 53, 1361
What are the prime factors of 21324071?
421, 50651
What are the prime factors of 2134084?
2, 67, 7963
What are the prime factors of 694008?
2, 3, 7, 17
List the prime factors of 218502.
2, 3, 61, 199
What are the prime factors of 9923435?
5, 41, 48407
What are the prime factors of 7510980?
2, 3, 5, 125183
List the prime factors of 8418581.
8418581
What are the prime factors of 165952?
2, 2593
What are the prime factors of 1130187?
3, 376729
List the prime factors of 621621.
3, 7, 11, 13, 23
What are the prime factors of 2520449?
499, 5051
What are the prime factors of 1712751?
3, 317, 1801
List the prime factors of 1897456.
2, 11, 10781
What are the prime factors of 11451932?
2, 43, 139, 479
List the prime factors of 15321972.
2, 3, 107, 11933
What are the prime factors of 107316?
2, 3, 11, 271
List the prime factors of 1049019.
3, 17, 67, 307
List the prime factors of 349633.
43, 47, 173
What are the prime factors of 845368?
2, 251, 421
List the prime factors of 49314.
2, 3, 8219
What are the prime factors of 3523000?
2, 5, 13, 271
List the prime factors of 524261.
524261
What are the prime factors of 9268359?
3, 79, 39107
What are the prime factors of 2052529?
17, 120737
List the prime factors of 201665.
5, 53, 761
What are the prime factors of 3877561?
29, 133709
What are the prime factors of 973491?
3, 324497
What are the prime factors of 901352?
2, 307, 367
List the prime factors of 4351837.
7, 88813
What are the prime factors of 1097090?
2, 5, 31, 3539
List the prime factors of 122378.
2, 43, 1423
What are the prime factors of 363722?
2, 23, 7907
What are the prime factors of 199900?
2, 5, 1999
List the prime factors of 191360.
2, 5, 13, 23
What are the prime factors of 794014?
2, 13, 30539
List the prime factors of 191815.
5, 13, 227
List the prime factors of 5401428.
2, 3, 47, 61, 157
What are the prime factors of 246336?
2, 3, 1283
List the prime factors of 14591236.
2, 11, 17, 19507
What are the prime factors of 693072?
2, 3, 4813
What are the prime factors of 2779291?
367, 7573
What are the prime factors of 533605?
5, 106721
What are the prime factors of 11620758?
2, 3, 17, 59, 1931
What are the prime factors of 62661?
3, 20887
List the prime factors of 125116.
2, 31, 1009
List the prime factors of 7362691.
7, 23, 47, 139
List the prime factors of 1063815.
3, 5, 70921
List the prime factors of 1631019.
3, 13, 3217
What are the prime factors of 13729505?
5, 23, 277, 431
What are the prime factors of 33077244?
2, 3, 2756437
List the prime factors of 2947774.
2, 19, 77573
What are the prime factors of 635760?
2, 3, 5, 883
What are the prime factors of 239134?
2, 7, 19, 29, 31
List the prime factors of 2364305.
5, 509, 929
List the prime factors of 787692.
2, 3, 41, 1601
List the prime factors of 18224582.
2, 41, 109, 2039
List the prime factors of 197596.
2, 7, 7057
List the prime factors of 341192.
2, 42649
List the prime factors of 1244518.
2, 11, 56569
List the prime factors of 3012071.
3012071
What are the prime factors of 12500739?
3, 53, 73, 359
List the prime factors of 293994.
2, 3, 16333
What are the prime factors of 2180087?
7, 13, 23957
What are the prime factors of 130177?
349, 373
List the prime factors of 363277.
363277
List the prime factors of 1852432.
2, 115777
What are the prime factors of 1430324?
2, 7, 23, 2221
List the prime factors of 2633338.
2, 1316669
What are the prime factors of 6055176?
2, 3, 157, 1607
List the prime factors of 23070190.
2, 5, 11, 13, 17, 73
List the prime factors of 126287.
7, 18041
What are the prime factors of 21007789?
11, 1909799
What are the prime factors of 13211042?
2, 13, 19, 47, 569
List the prime factors of 556262.
2, 7, 39733
What are the prime factors of 730807?
7, 11, 9491
List the prime factors of 285818.
2, 13, 10993
What are the prime factors of 202163?
13, 15551
What are the prime factors of 708915?
3, 5, 167, 283
What are the prime factors of 137633?
137633
What are the prime factors of 228807?
3, 25423
What are the prime factors of 3717376?
2, 13, 1117
What are the prime factors of 43766?
2, 79, 277
What are the prime factors of 99290?
2, 5, 9929
List the prime factors of 11076576.
2, 3, 7, 53, 311
List the prime factors of 30385087.
30385087
What are the prime factors of 443079?
3, 7, 13, 541
What are the prime factors of 988470?
2, 3, 5, 7, 523
What are the prime factors of 1844436?
2, 3, 11, 89, 157
What are the prime factors of 3481800?
2, 3, 5, 7, 829
What are the prime factors of 20150067?
3, 7, 109, 8803
What are the prime factors of 85873?
79, 1087
List the prime factors of 1760058.
2, 3, 277, 353
What are the prime factors of 804543?
3, 31, 41, 211
List the prime factors of 5737519.
181, 31699
List the prime factors of 280546.
2, 7, 29, 691
What are the prime factors of 15803948?
2, 17, 232411
List the prime factors of 23521323.
3, 7, 160009
List the prime factors of 30646.
2, 7, 11, 199
List the prime factors of 77098.
2, 7, 5507
What are the prime factors of 93542?
2, 46771
What are the prime factors of 1161568?
2, 36299
List the prime factors of 1754022.
2, 3, 37, 7901
List the prime factors of 265521.
3, 67, 1321
List the prime factors of 23730464.
2, 61, 12157
List the prime factors of 1624701.
3, 13, 41659
What are the prime factors of 3007667?
13, 231359
What are the prime factors of 6428503?
709, 9067
List the prime factors of 2867758.
2, 89, 16111
List the prime factors of 14747365.
5, 137, 21529
List the prime factors of 2209374.
2, 3, 122743
What are the prime factors of 5293584?
2, 3, 36761
List the prime factors of 5783904.
2, 3, 7, 19, 151
List the prime factors of 408912.
2, 3, 7, 1217
List the prime factors of 15091979.
7, 23, 93739
List the prime factors of 6126976.
2, 151, 317
What are the prime factors of 309162?
2, 3, 7, 17, 433
List the prime factors of 313592.
2, 39199
List the prime factors of 16063692.
2, 3, 1338641
What are the prime factors of 756971?
756971
List the prime factors of 702981.
3, 19, 4111
What are the prime factors of 406501?
406501
List the prime factors of 17230056.
2, 3, 717919
What are the prime factors of 30079?
7, 4297
What are the prime factors of 199752?
2, 3, 7, 29, 41
What are the prime factors of 692097?
3, 7, 32957
What are the prime factors of 105336?
2, 3, 7, 11, 19
What ar